s the units digit of 41504?
4
What is the hundreds digit of 11443?
4
What is the tens digit of 23094?
9
What is the tens digit of 2628?
2
What is the thousands digit of 3914?
3
What is the units digit of 991?
1
What is the units digit of 3701?
1
What is the units digit of 4827?
7
What is the thousands digit of 68753?
8
What is the thousands digit of 95102?
5
What is the hundreds digit of 1639?
6
What is the tens digit of 72448?
4
What is the hundreds digit of 15876?
8
What is the tens digit of 1391?
9
What is the thousands digit of 52810?
2
What is the thousands digit of 7547?
7
What is the hundreds digit of 3266?
2
What is the units digit of 31736?
6
What is the hundreds digit of 31841?
8
What is the thousands digit of 29123?
9
What is the units digit of 4?
4
What is the tens digit of 869?
6
What is the units digit of 10058?
8
What is the thousands digit of 2851?
2
What is the hundreds digit of 822?
8
What is the hundreds digit of 1640?
6
What is the ten thousands digit of 21624?
2
What is the units digit of 2433?
3
What is the units digit of 1938?
8
What is the units digit of 58825?
5
What is the hundreds digit of 318?
3
What is the tens digit of 5652?
5
What is the tens digit of 800?
0
What is the hundreds digit of 297?
2
What is the tens digit of 4327?
2
What is the tens digit of 4822?
2
What is the hundreds digit of 5448?
4
What is the hundreds digit of 302?
3
What is the thousands digit of 2651?
2
What is the units digit of 19016?
6
What is the hundreds digit of 121228?
2
What is the hundreds digit of 1718?
7
What is the thousands digit of 1648?
1
What is the thousands digit of 89486?
9
What is the tens digit of 2640?
4
What is the units digit of 49905?
5
What is the units digit of 354?
4
What is the tens digit of 1007?
0
What is the thousands digit of 8262?
8
What is the tens digit of 490?
9
What is the hundreds digit of 118214?
2
What is the tens digit of 139645?
4
What is the hundreds digit of 4075?
0
What is the hundreds digit of 3571?
5
What is the tens digit of 4624?
2
What is the ten thousands digit of 18614?
1
What is the hundreds digit of 484?
4
What is the units digit of 84758?
8
What is the tens digit of 4609?
0
What is the tens digit of 24344?
4
What is the thousands digit of 14593?
4
What is the hundreds digit of 30604?
6
What is the hundreds digit of 11743?
7
What is the tens digit of 41249?
4
What is the thousands digit of 60458?
0
What is the tens digit of 1416?
1
What is the hundreds digit of 1048?
0
What is the ten thousands digit of 33620?
3
What is the thousands digit of 5083?
5
What is the units digit of 657?
7
What is the tens digit of 270?
7
What is the hundreds digit of 1407?
4
What is the ten thousands digit of 22661?
2
What is the units digit of 504?
4
What is the units digit of 16?
6
What is the units digit of 27044?
4
What is the hundreds digit of 67224?
2
What is the hundreds digit of 91521?
5
What is the tens digit of 893?
9
What is the ten thousands digit of 16250?
1
What is the tens digit of 2114?
1
What is the hundreds digit of 20982?
9
What is the units digit of 67?
7
What is the thousands digit of 8257?
8
What is the hundreds digit of 33525?
5
What is the thousands digit of 8156?
8
What is the units digit of 524?
4
What is the thousands digit of 20199?
0
What is the tens digit of 4478?
7
What is the tens digit of 76380?
8
What is the tens digit of 9352?
5
What is the tens digit of 2643?
4
What is the hundreds digit of 2305?
3
What is the units digit of 1564?
4
What is the tens digit of 61679?
7
What is the thousands digit of 1388?
1
What is the tens digit of 388?
8
What is the hundreds digit of 5610?
6
What is the units digit of 1451?
1
What is the hundreds digit of 7713?
7
What is the hundreds digit of 8308?
3
What is the units digit of 4904?
4
What is the tens digit of 44024?
2
What is the hundreds digit of 11611?
6
What is the hundreds digit of 125147?
1
What is the tens digit of 10061?
6
What is the units digit of 1330?
0
What is the thousands digit of 1556?
1
What is the units digit of 7891?
1
What is the units digit of 1718?
8
What is the thousands digit of 13643?
3
What is the tens digit of 6957?
5
What is the thousands digit of 22068?
2
What is the thousands digit of 7543?
7
What is the units digit of 305?
5
What is the units digit of 4220?
0
What is the hundreds digit of 89311?
3
What is the ten thousands digit of 58272?
5
What is the thousands digit of 3605?
3
What is the thousands digit of 7084?
7
What is the tens digit of 718?
1
What is the hundreds digit of 6759?
7
What is the hundreds digit of 122831?
8
What is the hundreds digit of 36852?
8
What is the ten thousands digit of 47863?
4
What is the ten thousands digit of 29367?
2
What is the hundreds digit of 5438?
4
What is the units digit of 10120?
0
What is the units digit of 1757?
7
What is the hundreds digit of 6816?
8
What is the units digit of 73336?
6
What is the ten thousands digit of 49610?
4
What is the tens digit of 109108?
0
What is the tens digit of 892?
9
What is the hundreds digit of 1992?
9
What is the hundreds digit of 18291?
2
What is the hundreds digit of 1264?
2
What is the thousands digit of 2960?
2
What is the ten thousands digit of 45129?
4
What is the tens digit of 15132?
3
What is the thousands digit of 1134?
1
What is the tens digit of 1407?
0
What is the thousands digit of 16366?
6
What is the hundreds digit of 4647?
6
What is the tens digit of 6912?
1
What is the units digit of 5717?
7
What is the thousands digit of 124458?
4
What is the units digit of 6725?
5
What is the units digit of 1351?
1
What is the thousands digit of 4934?
4
What is the tens digit of 136327?
2
What is the tens digit of 13867?
6
What is the hundreds digit of 7471?
4
What is the hundreds digit of 1316?
3
What is the tens digit of 668?
6
What is the units digit of 796?
6
What is the hundreds digit of 476?
4
What is the tens digit of 63690?
9
What is the thousands digit of 9071?
9
What is the hundreds digit of 17375?
3
What is the ten thousands digit of 10849?
1
What is the tens digit of 73943?
4
What is the thousands digit of 1363?
1
What is the thousands digit of 8262?
8
What is the units digit of 6067?
7
What is the tens digit of 699?
9
What is the thousands digit of 64832?
4
What is the units digit of 11683?
3
What is the tens digit of 60035?
3
What is the hundreds digit of 3839?
8
What is the units digit of 1320?
0
What is the units digit of 7574?
4
What is the thousands digit of 52171?
2
What is the hundreds digit of 28909?
9
What is the thousands digit of 12396?
2
What is the units digit of 3?
3
What is the tens digit of 185?
8
What is the thousands digit of 2510?
2
What is the tens digit of 31695?
9
What is the thousands digit of 90455?
0
What is the tens digit of 1100?
0
What is the hundreds digit of 276?
2
What is the units digit of 300?
0
What is the tens digit of 42096?
9
What is the thousands digit of 3520?
3
What is the units digit of 1398?
8
What is the hundreds digit of 27199?
1
What is the thousands digit of 3592?
3
What is the tens digit of 138579?
7
What is the thousands digit of 3328?
3
What is the hundreds digit of 9931?
9
What is the thousands digit of 1162?
1
What is the hundreds digit of 4204?
2
What is the units digit of 17076?
6
What is the thousands digit of 4423?
4
What is the tens digit of 620?
2
What is the hundreds digit of 4107?
1
What is the ten thousands digit of 19641?
1
What is the tens digit of 990?
9
What is the ten thousands digit of 11134?
1
What is the units digit of 4370?
0
What is the tens digit of 74478?
7
What is the units digit of 15825?
5
What is the hundreds digit of 20642?
6
What is the hundreds digit of 35143?
1
What is the hundreds digit of 3155?
1
What is the hundreds digit of 20290?
2
What is the units digit of 1028?
8
What is the ten thousands digit of 11631?
1
What is the units digit of 23333?
3
What is the tens digit of 17870?
7
What is the thousands digit of 3636?
3
What is the units digit of 716?
6
What is the hundreds digit of 243?
2
What is the tens digit of 2014?
1
What is the ten thousands digit of 165031?
6
What is the thousands digit of 4621?
4
What is the thousands digit of 40472?
0
What is the units digit of 548?
8
What is the units digit of 25805?
5
What is the ten thousa